Let c be u(s). Suppose 4*r + c = 9*r. List the prime factors of r.
3
Let g = -11 + 9. What are the prime factors of g/5 - 96/(-15)?
2, 3
Let l(v) be the second derivative of -5*v**3/3 + 2*v. Let r be l(-1). Suppose -2*h + 3*h - r = 0. List the prime factors of h.
2, 5
Let t = 9 - -7. What are the prime factors of t?
2
Suppose 2*y = 4, -5*u + 117 = 5*y + 2. What are the prime factors of u?
3, 7
List the prime factors of (-22)/(-121) - 920/(-22).
2, 3, 7
Let t = 10 + -14. Let h be 1/4 - (-1)/t. List the prime factors of (1 - h)/(2/28).
2, 7
Let j(z) = -55*z - 17. What are the prime factors of j(-5)?
2, 3, 43
Let o = -28 - -13. Let h = 37 + o. List the prime factors of h.
2, 11
Let t be -1 + -8 + (0 - -3). List the prime factors of (t*1)/(-2) + 2.
5
Suppose n - 34 = 49. List the prime factors of n.
83
Let f(m) = m**2 - 4*m. Let l be f(2). Let a = l - -14. What are the prime factors of a?
2, 5
Let p(t) = -3*t**3 - 24*t**2 - 21*t - 19. Let g(i) = i**3 + 8*i**2 + 7*i + 6. Let r = 3 + -7. Let w(c) = r*p(c) - 11*g(c). List the prime factors of w(-7).
2, 5
Let w = 144 - 77. What are the prime factors of w?
67
Let w(y) = -312*y**2 - y - 2. Let v be w(-2). List the prime factors of v/(-42) - 4/(-14).
2, 3, 5
Let j(f) = 18*f + 30. What are the prime factors of j(9)?
2, 3
Let y(d) = 9*d. Let t be y(2). Suppose 4*q - 33 = -s + 2*s, -3*s = q - t. List the prime factors of q.
3
Suppose -4*y + 156 = 4*t, t + 13 - 55 = -4*y. List the prime factors of t.
2, 19
Let g(f) be the second derivative of f**3 + 7*f**2/2 + 5*f. List the prime factors of g(5).
37
Let l be 2/(7/3 + -3). Let s = -1 - l. Suppose 3*h = -i - h + 25, -s*i = 4*h - 34. List the prime factors of i.
3
Suppose 5*t - 116 = -451. Let l = t + 102. What are the prime factors of l?
5, 7
Let a = -5 - -5. Suppose 4*r - 3*i + a*i = 72, -4 = -i. What are the prime factors of r?
3, 7
List the prime factors of 392/12 + 2/(-3).
2
Suppose 60 = -2*s - s. Let j = -14 - s. List the prime factors of j.
2, 3
Let a(m) = 2*m**2 + 8*m - 3*m**2 - 4 + 7. List the prime factors of a(6).
3, 5
Let k = 10 + -28. Let v be 300/k - (-4)/6. Let f = 23 + v. What are the prime factors of f?
7
Let c(y) = -2*y + 1. Let j be c(-1). Suppose 0 = 4*n - 1 - j. Suppose -m = -6 - n. What are the prime factors of m?
7
Suppose r + q = 2*r - 91, 0 = -4*r - 5*q + 364. Suppose -3*f + r = -5. List the prime factors of f.
2
Suppose 4*u - 173 = u + 4*l, -6 = 3*l. List the prime factors of u.
5, 11
List the prime factors of (-70)/3*6/(-4).
5, 7
Let o be (24/(-12))/(4/10). Let h(s) be the first derivative of -s**2 - 3*s + 1. List the prime factors of h(o).
7
Let i(c) = -c - 2. Let n be i(-8). What are the prime factors of (8/(-10))/(n/(-75))?
2, 5
Let b(m) = -1 + 1 - 2 + 2*m. Let v be b(6). Suppose 3 - v = -d. List the prime factors of d.
7
Suppose 0 = -17*h + 12*h + 185. What are the prime factors of h?
37
Let s = -35 + 55. Suppose -h = -2*h + s. List the prime factors of h.
2, 5
Let i(u) = -48*u + 45. List the prime factors of i(-6).
3, 37
Let h(j) = j - 7*j**2 + j**3 - 8*j - 9 + 3. Let i be h(8). Suppose 0 = -f - 2*s - i + 10, 3*f - s = 3. List the prime factors of f.
2
What are the prime factors of 0 + 1/3 + 4420/51?
3, 29
Let v(b) = -14*b - 1. What are the prime factors of v(-4)?
5, 11
Let o(t) = -26*t + 1. Let x be o(1). Let u(w) = -w - 18. Let f be u(18). Let h = x - f. List the prime factors of h.
11
Let b(m) = -5*m - 4. Let k be b(-5). Suppose 0 = -0*f + 3*f + 27. Let r = f + k. What are the prime factors of r?
2, 3
Suppose -f - 2*b + 0*b = 2, -4 = 2*b. Suppose f*k + 2*k = 0. List the prime factors of -2 + 5 - (k - 15).
2, 3
Let q(l) = -l**2 + l + 2. Let f be q(-6). What are the prime factors of (3 - (-17)/(-5))*f?
2
Let k = -33 + 5. Let g = 63 + k. List the prime factors of g.
5, 7
Let d(m) = m**2 + 7*m + 1. List the prime factors of d(-8).
3
Let q(x) = x**2 - 2*x - 1. Let p be q(-1). What are the prime factors of 19/2 - p/(-4)?
2, 5
Let b(y) = y**3 + 15*y**2 - 4*y + 6. Let z be b(-15). Suppose -z = -3*v - 2*i, 4*v + 7*i = 2*i + 95. What are the prime factors of v?
2, 5
Suppose 0 = -0*j - 3*j. Let z = j + 5. Suppose 2*t - t - 4*u = -13, -2*t + z*u - 14 = 0. What are the prime factors of t?
3
Let j be 23/(-5) - (-4)/(-10). Let v(l) = -l - 3. Let u be v(j). Suppose -2*m + 24 = u*m. What are the prime factors of m?
2, 3
Suppose 2*q = -0*q. Suppose 4*g + 12 + 4 = q. What are the prime factors of ((-104)/(-20))/(g/(-10))?
13
Suppose 5*i + 1 = -c + 44, -c = i - 59. What are the prime factors of c?
3, 7
Let i(k) be the third derivative of k**2 + 0*k + 0 + 1/6*k**3 + 1/4*k**4 + 1/30*k**5. What are the prime factors of i(-4)?
3
Let w(u) = -u**2. Let b(p) = 7*p**2 - 6*p + 1. Let s(n) = -b(n) - 6*w(n). Suppose q + 3*q = -3*k + 20, 0 = 5*q + 2*k - 25. List the prime factors of s(q).
2
Let y(a) = a**3 - 6*a**2 + a - 3. Suppose 0 = 10*m - 6*m - 40. Let g = -4 + m. List the prime factors of y(g).
3
Let q be 4/18 + 34/9. Let l(a) = 3*a - 8*a + 27 - 11 + q*a. List the prime factors of l(7).
3
Let o(w) = w**2 + 10*w - 6. Let d = -12 + 4. Let n be o(d). What are the prime factors of (-334)/(-22) + 4/n?
3, 5
Let a(m) = m**2 + m + 5. Let s be 0 - (-2 + 3 - 1). Let d be a(s). Suppose 0*y - d*y - 35 = -5*k, 3*y = k + 1. List the prime factors of k.
11
Let b(a) = -16*a. List the prime factors of b(-8).
2
Let k(i) = 2*i - 6. Let v be k(4). Suppose v*q - 39 = -11. What are the prime factors of q?
2, 7
Let w(y) = -5*y - 5. What are the prime factors of w(-7)?
2, 3, 5
Let s be (-15)/(-6)*(3 - 1). Suppose -i + 6 = s*l, 4*i + 20 = -i. Suppose -p = 2*n - l*p - 12, -4*p + 22 = 2*n. What are the prime factors of n?
7
Let t be (0/(-3))/(-3 + 2). Suppose t*z - 195 = -4*z - x, -4*z - 3*x = -193. List the prime factors of z.
7
Let k be 8*((-3)/(-2))/3. Suppose -3*m + m + k = 0. List the prime factors of 3 - (-3)/(m - -1).
2
Suppose -k = 4*j - 23, 4*j + 5*k - 15 = 4. Suppose 2*d = d + 2, 2*i + j = 5*d. Suppose r - i*r + 10 = c, -5*c + 44 = 4*r. What are the prime factors of r?
2, 3
Suppose -q = 2*g - 583, 5*q - q = 2*g - 578. What are the prime factors of g?
3, 97
Let o(s) = -s**2 - 12*s + 6. Let b be o(-11). Suppose 4*w - 3 = b. Suppose -3*x - 36 = 6*k - 9*k, w*x - 75 = -4*k. What are the prime factors of k?
3, 5
Let x(q) = -q**3 + q**2 - 1. Let r(v) = -v**3 - v**2 - v. Let c(t) = 2*r(t) + x(t). List the prime factors of c(-1).
3
Let a = 2 - 2. Suppose -4 = -2*j - a*j. Suppose 13 + j = 5*y. What are the prime factors of y?
3
Let j = 7 - 4. Suppose -2*x + 36 = 4*z, -z - 45 = -6*z + j*x. List the prime factors of z.
3
Suppose 39 = d + 2*j, 3*d + 4*j - 2*j - 113 = 0. What are the prime factors of d?
37
Let j be ((-24)/15)/((-2)/60). Let i = j - 6. List the prime factors of i.
2, 3, 7
Suppose 3*f + 4*i = 5, -4*f + 11 = f + 4*i. Suppose 237 = 4*t + 3*q, 4*t + f*q = -t + 294. Let s = t + -41. List the prime factors of s.
2
List the prime factors of 1*(3 - (-38 - 2)).
43
Suppose -r - 2*z - 8 = r, 5*r = 3*z - 12. List the prime factors of (1/(-2))/(r/108).
2, 3
Let k(s) = -s**3 - 2*s**2 + 3*s - 4. List the prime factors of k(-4).
2
List the prime factors of (-4)/(-16) - 1022/(-8).
2
Suppose -2*c - 18 = -6*w + w, 5*c - 21 = -4*w. Suppose 0 = -0*l + l + c. Let k = l + 3. List the prime factors of k.
2
Let h(s) = 2*s**2 + 1. Let d(k) = k**3 - 8*k**2 - 8*k - 8. Let a be d(9). Let o be h(a). Suppose -o*z + 20 = -22. List the prime factors of z.
2, 7
Let m = 33 + 1. What are the prime factors of m?
2, 17
Let j = -48 - -99. What are the prime factors of j?
3, 17
Let a = -1 + -1. Let z = -4 - a. What are the prime factors of (-141)/(-27) - z/(-9)?
5
Let b(z) = z**2 - 5*z + 4 - 3*z - 2*z**2 + 4*z. What are the prime factors of b(-4)?
2
What are the prime factors of 0 + 8/36 - 750/(-27)?
2, 7
Suppose 2*t = -4*a + 16, -4*a - 4*t - 1 = -17. Let h = a - 0. Suppose 60 = h*q - 0. What are the prime factors of q?
3, 5
List the prime factors of ((-57)/(-9))/(3/18).
2, 19
Suppose -202 = -5*r + 18. What are the prime factors of (r/6)/((-4)/(-6))?
11
Let u(o) = o**3 - 4*o**2. Let b be u(4). Suppose s + b*s = -3. Let k = s - -6. What are the prime factors of k?
3
Let y(o) = 11*o**2 - 6*o + 14. What are the prime factors of y(-4)?
2, 107
Let i(o) = -o**3 - 8*o**2 + 17*o - 23. List the prime factors of